{"id":72,"date":"2023-08-21T17:09:36","date_gmt":"2023-08-21T17:09:36","guid":{"rendered":"https:\/\/ruumconsultoria.com\/?page_id=72"},"modified":"2023-10-04T00:51:19","modified_gmt":"2023-10-04T00:51:19","slug":"documentacion","status":"publish","type":"page","link":"https:\/\/ruumconsultoria.com\/?page_id=72","title":{"rendered":"Documentaci\u00f3n"},"content":{"rendered":"\n<div class=\"wp-block-cover alignfull is-light\" style=\"min-height:444px;aspect-ratio:unset;\"><span aria-hidden=\"true\" class=\"wp-block-cover__background has-background-dim\" style=\"background-color:#d5f1c8\"><\/span><img loading=\"lazy\" decoding=\"async\" width=\"2560\" height=\"1702\" class=\"wp-block-cover__image-background wp-image-357\" alt=\"\" src=\"https:\/\/ruumconsultoria.com\/wp-content\/uploads\/2023\/09\/pexels-pixabay-48148-scaled.jpg\" data-object-fit=\"cover\" srcset=\"https:\/\/ruumconsultoria.com\/wp-content\/uploads\/2023\/09\/pexels-pixabay-48148-scaled.jpg 2560w, https:\/\/ruumconsultoria.com\/wp-content\/uploads\/2023\/09\/pexels-pixabay-48148-300x199.jpg 300w, https:\/\/ruumconsultoria.com\/wp-content\/uploads\/2023\/09\/pexels-pixabay-48148-1024x681.jpg 1024w, https:\/\/ruumconsultoria.com\/wp-content\/uploads\/2023\/09\/pexels-pixabay-48148-768x511.jpg 768w, https:\/\/ruumconsultoria.com\/wp-content\/uploads\/2023\/09\/pexels-pixabay-48148-1536x1021.jpg 1536w, https:\/\/ruumconsultoria.com\/wp-content\/uploads\/2023\/09\/pexels-pixabay-48148-2048x1362.jpg 2048w\" sizes=\"auto, (max-width: 2560px) 100vw, 2560px\" \/><div class=\"wp-block-cover__inner-container is-layout-flow wp-block-cover-is-layout-flow\">\n<div class=\"wp-block-group is-layout-flow wp-block-group-is-layout-flow\">\n<div class=\"wp-block-columns is-layout-flex wp-container-core-columns-is-layout-28f84493 wp-block-columns-is-layout-flex\">\n<div class=\"wp-block-column is-layout-flow wp-block-column-is-layout-flow\" style=\"flex-basis:100%\">\n<blockquote class=\"wp-block-quote has-medium-font-size is-layout-flow wp-block-quote-is-layout-flow\">\n<h6 class=\"wp-block-heading has-text-align-center has-black-color has-text-color has-medium-font-size\"><strong>D O C U M E N T A C I \u00d3 N <\/strong><\/h6>\n<\/blockquote>\n<\/div>\n<\/div>\n<\/div>\n<\/div><\/div>\n\n\n\n<div style=\"height:35px\" aria-hidden=\"true\" class=\"wp-block-spacer\"><\/div>\n\n\n<blockquote>\n<h3>\u00bfSabes cuales son los documentos jur\u00eddicos\u00a0necesarios para solicitar licencias de construcci\u00f3n en Bogot\u00e1?\u00a0<\/h3>\n<p><span style=\"font-size: 18.7px;\"><i>Aqu\u00ed <\/i><\/span><em style=\"font-size: revert; background-color: var(--ast-global-color-5);\">te contamos&#8230;<\/em><\/p>\n<p>Es importante que sepas que en este proceso estaremos cerca de ti, brind\u00e1ndote un acompa\u00f1amiento profesional y constante para conseguir lo necesario, esto debes tener para hacer el proceso.<\/p>\n<ul>\n<li>Formulario \u00danico de solicitud de Licencia<\/li>\n<li>Certificado de tradici\u00f3n y Libertad vigente (con fecha no mayor a 30 d\u00edas calendario)<\/li>\n<li>Copia del impuesto predial del \u00faltimo a\u00f1o o certificaci\u00f3n catastral<\/li>\n<li>Copia de la c\u00e9dula del propietario<\/li>\n<li>Poder para actuar (con presentaci\u00f3n personal ante notario por parte de quien lo otorga) en original<\/li>\n<li>Copia de la Escritura Publica<\/li>\n<li>Manzana Catastral<\/li>\n<li>Plano de loteo<\/li>\n<\/ul>\n<\/blockquote>\n\n\n<div style=\"height:54px\" aria-hidden=\"true\" class=\"wp-block-spacer\"><\/div>\n\n\n\n<div class=\"wp-block-buttons is-content-justification-center is-layout-flex wp-container-core-buttons-is-layout-a89b3969 wp-block-buttons-is-layout-flex\">\n<div class=\"wp-block-button\"><a class=\"wp-block-button__link wp-element-button\" href=\"https:\/\/wa.me\/573011663881\/?text=Hola%2C%20necesito%20hacer%20una%20consulta.\" style=\"border-radius:0px\" target=\"_blank\" rel=\"noreferrer noopener\">Chatea con nosotros<\/a><\/div>\n<\/div>\n\n\n\n<div style=\"height:100px\" aria-hidden=\"true\" class=\"wp-block-spacer\"><\/div>\n","protected":false},"excerpt":{"rendered":"<p>\u00bfSabes cuales son los documentos jur\u00eddicos\u00a0necesarios para solicitar licencias de construcci\u00f3n en Bogot\u00e1?\u00a0 Aqu\u00ed te contamos&#8230; Es importante que sepas que en este proceso estaremos cerca de ti, brind\u00e1ndote un acompa\u00f1amiento profesional y constante para conseguir lo necesario, esto debes tener para hacer el proceso. Formulario \u00danico de solicitud de Licencia Certificado de tradici\u00f3n y [&hellip;]<\/p>\n","protected":false},"author":1,"featured_media":0,"parent":0,"menu_order":0,"comment_status":"closed","ping_status":"closed","template":"","meta":{"site-sidebar-layout":"default","site-content-layout":"","ast-site-content-layout":"default","site-content-style":"default","site-sidebar-style":"default","ast-global-header-display":"","ast-banner-title-visibility":"","ast-main-header-display":"","ast-hfb-above-header-display":"","ast-hfb-below-header-display":"","ast-hfb-mobile-header-display":"","site-post-title":"disabled","ast-breadcrumbs-content":"","ast-featured-img":"","footer-sml-layout":"","theme-transparent-header-meta":"","adv-header-id-meta":"","stick-header-meta":"","header-above-stick-meta":"","header-main-stick-meta":"","header-below-stick-meta":"","astra-migrate-meta-layouts":"","ast-page-background-enabled":"default","ast-page-background-meta":{"desktop":{"background-color":"var(--ast-global-color-4)","background-image":"","background-repeat":"repeat","background-position":"center center","background-size":"auto","background-attachment":"scroll","background-type":"","background-media":"","overlay-type":"","overlay-color":"","overlay-opacity":"","overlay-gradient":""},"tablet":{"background-color":"","background-image":"","background-repeat":"repeat","background-position":"center center","background-size":"auto","background-attachment":"scroll","background-type":"","background-media":"","overlay-type":"","overlay-color":"","overlay-opacity":"","overlay-gradient":""},"mobile":{"background-color":"","background-image":"","background-repeat":"repeat","background-position":"center center","background-size":"auto","background-attachment":"scroll","background-type":"","background-media":"","overlay-type":"","overlay-color":"","overlay-opacity":"","overlay-gradient":""}},"ast-content-background-meta":{"desktop":{"background-color":"var(--ast-global-color-5)","background-image":"","background-repeat":"repeat","background-position":"center center","background-size":"auto","background-attachment":"scroll","background-type":"","background-media":"","overlay-type":"","overlay-color":"","overlay-opacity":"","overlay-gradient":""},"tablet":{"background-color":"var(--ast-global-color-5)","background-image":"","background-repeat":"repeat","background-position":"center center","background-size":"auto","background-attachment":"scroll","background-type":"","background-media":"","overlay-type":"","overlay-color":"","overlay-opacity":"","overlay-gradient":""},"mobile":{"background-color":"var(--ast-global-color-5)","background-image":"","background-repeat":"repeat","background-position":"center center","background-size":"auto","background-attachment":"scroll","background-type":"","background-media":"","overlay-type":"","overlay-color":"","overlay-opacity":"","overlay-gradient":""}},"footnotes":""},"class_list":["post-72","page","type-page","status-publish","hentry"],"_hostinger_reach_plugin_has_subscription_block":false,"_hostinger_reach_plugin_is_elementor":false,"_links":{"self":[{"href":"https:\/\/ruumconsultoria.com\/index.php?rest_route=\/wp\/v2\/pages\/72","targetHints":{"allow":["GET"]}}],"collection":[{"href":"https:\/\/ruumconsultoria.com\/index.php?rest_route=\/wp\/v2\/pages"}],"about":[{"href":"https:\/\/ruumconsultoria.com\/index.php?rest_route=\/wp\/v2\/types\/page"}],"author":[{"embeddable":true,"href":"https:\/\/ruumconsultoria.com\/index.php?rest_route=\/wp\/v2\/users\/1"}],"replies":[{"embeddable":true,"href":"https:\/\/ruumconsultoria.com\/index.php?rest_route=%2Fwp%2Fv2%2Fcomments&post=72"}],"version-history":[{"count":9,"href":"https:\/\/ruumconsultoria.com\/index.php?rest_route=\/wp\/v2\/pages\/72\/revisions"}],"predecessor-version":[{"id":412,"href":"https:\/\/ruumconsultoria.com\/index.php?rest_route=\/wp\/v2\/pages\/72\/revisions\/412"}],"wp:attachment":[{"href":"https:\/\/ruumconsultoria.com\/index.php?rest_route=%2Fwp%2Fv2%2Fmedia&parent=72"}],"curies":[{"name":"wp","href":"https:\/\/api.w.org\/{rel}","templated":true}]}}